uppose -62 = -7*t + 204. What is the highest common divisor of t and 152?
38
Let i be 9 + -7 - (-4)/(-2). Let r = i + 6. Calculate the greatest common divisor of r and 18.
6
Let m be (-1)/(142/143 - 1). Let s = -132 + 212. Let k = m - s. Calculate the highest common divisor of 9 and k.
9
Suppose 2*f = 5*z + 158, 2*f - 156 = -z + 14. What is the greatest common divisor of 21 and f?
21
Let u(a) = 20*a**2 + 16*a + 6*a**2 - 16*a. Let y be u(1). What is the greatest common factor of y and 52?
26
Suppose -93 = -4*k + 7. Calculate the greatest common factor of k and 25.
25
Suppose 24 = 3*h + 5*l, h - 24 = -2*h + 2*l. What is the greatest common factor of h and 16?
8
Let u be ((-6)/2)/((-9)/117). What is the highest common divisor of u and 65?
13
Let b = 288 + -172. What is the greatest common factor of 29 and b?
29
Let x = -2 + 5. Calculate the highest common factor of 6 and x.
3
Suppose 0 = -4*v - 3*l + 31, 3 = 2*l + l. Calculate the greatest common factor of v and 7.
7
Let j(x) = 3*x + 4. Let f be ((-6)/5)/((-4)/10). Let w(r) = 3*r - 4. Let m be w(f). Let h be j(m). What is the highest common divisor of h and 152?
19
Let r be (-6)/4*20/(-3). Let w be -79 + ((-2)/(-1) - 4). Let k be w/(-4) + (-2)/8. What is the greatest common divisor of k and r?
10
Suppose -4*f = 89 - 329. Let m be -1 + -2 + 1 - -2. Suppose -5*z - 3*u + 129 = m, 3*u - 99 = -4*z + 6. Calculate the highest common divisor of z and f.
12
Let o = -34 + 72. What is the highest common factor of o and 57?
19
Let o = -16 - -25. Suppose 0 = 6*r - 2*r - 884. Suppose 5*b - r = -41. What is the greatest common divisor of o and b?
9
Let d be 11*(21/(-35) + (-23)/(-5)). What is the highest common divisor of 11 and d?
11
Let y be ((-2 - -4)/1)/2. Let b be (-24)/36 - 46/(-6). What is the greatest common divisor of b and y?
1
Let q(p) = 4*p**3 - p**2 + p**2 + 7*p**2 + 5*p + 5 - 3*p**3. Let z be q(-5). Calculate the greatest common divisor of 12 and z.
6
Let x(w) = w + 32. Let i be x(0). Calculate the highest common factor of 16 and i.
16
Suppose 0 = -5*o - 0*o - 5*a + 55, -15 = -o - 2*a. Let b = -46 - -53. What is the greatest common factor of b and o?
7
Let f be (-60)/(-9)*(-1 - (-22)/4). What is the highest common factor of f and 10?
10
Suppose -2*v = 3*v - 25. Suppose -v = -z, 5*u - 6*z = -2*z + 255. What is the greatest common divisor of 5 and u?
5
Suppose 55 = 3*d - 53. Let o = -22 + d. What is the highest common divisor of 7 and o?
7
Suppose -383 + 59 = -3*y. Calculate the greatest common factor of y and 12.
12
Suppose 0*o = 4*o. Suppose t + 4*f - 34 = o, 0*t + 3*t + 5*f = 116. What is the greatest common factor of t and 21?
21
Let r(d) = 14*d**2 - d. Let o be r(2). Calculate the highest common factor of o and 27.
27
Let r be (-1)/(-1)*(3 - -1). Suppose -2*y + 73 = 5*v - y, 4*v = r*y + 68. What is the highest common divisor of v and 60?
15
Let f = 43 + -35. What is the highest common factor of 8 and f?
8
Suppose -4*v - 64 = -2*s, 121 = 2*s + 3*v + 43. Calculate the highest common divisor of 126 and s.
18
Suppose -5*t = 778 - 1988. Suppose n = -n + t. What is the highest common divisor of n and 11?
11
Let n = -87 + 207. Suppose -5*u + n = -0*u. What is the highest common divisor of u and 60?
12
Suppose -6 = -4*m + 7*m. Let l be (m - (-1 - 2)) + 17. Calculate the highest common divisor of l and 45.
9
Suppose 5*l - 18 = 3*l. Suppose -3*f - l = -6*f. Let s = 19 - f. Calculate the highest common divisor of s and 2.
2
Suppose 3*s + 3*s - 120 = 0. What is the greatest common divisor of 220 and s?
20
Let z(i) = -2*i - 4. Let d be z(-5). Calculate the highest common divisor of 18 and d.
6
Let x be 1/3*3/1. Let n be 13/x - 18/(-6). Calculate the highest common divisor of n and 4.
4
Let m = -6 - -14. What is the highest common factor of 1 and m?
1
Let v be -2 + (4*-1)/(-2). Let o(h) = 1 + h - 2 + 10. Let a be o(v). What is the greatest common divisor of a and 18?
9
Let x = -52 + 64. Calculate the highest common factor of x and 30.
6
Let p be -3 + 0 - 18/(-1). Let f = p - -33. Calculate the greatest common factor of f and 12.
12
Let q be -4*(0 - 7/2). Suppose 0 = -3*p + 5*b - 158, -76 = 2*p + 7*b - 3*b. Let k = p - -74. Calculate the highest common divisor of k and q.
14
Suppose -5*l + 6*l - 18 = -k, -2*k + l + 30 = 0. What is the greatest common divisor of k and 128?
16
Let f be 9*(-2 - 28/(-12)). Suppose -3*w - 4*i = -18 - 31, 3*w - 84 = f*i. What is the greatest common divisor of 92 and w?
23
Let g = 3 - -18. Let t = -13 + g. What is the highest common divisor of t and 56?
8
Let w(f) = f + 1. Let c be w(7). Let t = -15 + 31. Calculate the greatest common factor of c and t.
8
Suppose -4*b = y - 68, 6*b + 5*y = 3*b + 68. What is the greatest common divisor of 208 and b?
16
Let g = 257 - 117. Calculate the highest common divisor of 20 and g.
20
Suppose -34 = -5*g - 2*b, 5*g - b - 8 = 35. Suppose -2*t - 22 = -4*l, -3*l + g*t = 5*t - 15. Calculate the greatest common divisor of 18 and l.
6
Let g = 10 - 6. Suppose g*s - 33 = -13. Suppose s*v - 16 = 29. What is the highest common divisor of 99 and v?
9
Let g be 3*(-4)/((-16)/12). Suppose -4*p + g = -3*p. Let v = 8 + -5. What is the highest common divisor of p and v?
3
Let p(y) = 3*y**2 - 5*y - 4. Let x be p(4). Let u(k) = 9*k**2 + 2*k - 1. Let i be u(1). Let b = i + -2. Calculate the greatest common factor of x and b.
8
Suppose -30 = 2*t - 5*t. Let q(x) = x**2 + 3. Let k be q(-3). Suppose 2*y + k = b - 0*b, 0 = -b + 3*y + 13. Calculate the highest common factor of t and b.
10
Suppose -o + 6 = 3*c, 5*o - c + 3 + 15 = 0. Let b = 12 - o. Suppose -3*j + 4*j - 3*v - b = 0, 3*v = -4*j + 30. Calculate the highest common factor of j and 18.
9
Let b be 1 + 9 + 5/(10/(-8)). What is the greatest common divisor of 4 and b?
2
Let g = -40 - -49. What is the highest common factor of 18 and g?
9
Let l be (4 + (-8)/(-5))/(2/30). Calculate the greatest common divisor of l and 12.
12
Let u(h) = h**2 + h + 1. Let z(d) = -d + 3. Let j be z(3). Suppose j = 4*q - 8 - 0. Let l be u(q). Calculate the greatest common factor of 63 and l.
7
Let m(x) = x**2 + 6*x + 7. Let j be m(-8). Calculate the highest common factor of j and 23.
23
Suppose -d + 722 = d. Suppose 2*t = 5*t + x - d, -3*x + 123 = t. Calculate the greatest common factor of 15 and t.
15
Suppose 0 = -r - u + 4*u + 19, 30 = 2*r - 4*u. Suppose 380 = r*o - 2*o. What is the highest common factor of 19 and o?
19
Suppose 5*b - 30 = -f, -4*f + 0*b = -3*b - 74. What is the highest common factor of 10 and f?
10
Let g = 0 - -5. Suppose -k = g, 7 = -3*y - 4*k + 59. Calculate the greatest common divisor of y and 8.
8
Let o(w) = w**2 + 14*w - 11. Let v be o(-15). Let i be (2 - -14)/v + 10. What is the greatest common factor of i and 21?
7
Let j be (4*3/24)/((-4)/(-96)). What is the greatest common factor of j and 9?
3
Let c = 23 - 10. What is the greatest common divisor of 117 and c?
13
Let q be (-3)/((1/1)/1) - -18. Calculate the highest common factor of 120 and q.
15
Suppose 5*p - 2 + 17 = 0. Let i(b) be the first derivative of -6*b**2 - 2*b - 2. Let k be i(p). Calculate the highest common divisor of 17 and k.
17
Let w = -10 + 2. Let p = w - -30. Suppose -3*j + 23 + p = 0. Calculate the highest common divisor of 75 and j.
15
Suppose 0 = -7*i + 10*i - 18. Suppose -i*q + 8*q = 132. What is the greatest common divisor of q and 44?
22
Let v(k) = -k**3 - 4*k**2 - k. Let p be v(-7). What is the highest common factor of p and 28?
14
Let r = -74 + 52. Let k = r + 32. Let j be (-6)/((-9)/(-3)) + k. What is the highest common divisor of j and 2?
2
Let v(m) = m + 14 - 1 + 4 + m**2. Let x be v(0). Let i = -31 + 48. Calculate the greatest common divisor of x and i.
17
Let i be 2 + 0 + -1 - -4. Suppose -2 = 2*y - j - 12, 3*y = -2*j + 1. Suppose -y*h - 2 + i = 0. Calculate the highest common factor of h and 8.
1
Suppose 0 = -4*t + 20, -3*u + 101 = 4*t - 549. What is the greatest common factor of 10 and u?
10
Suppose 0 = -7*m + 326 + 794. Calculate the highest common divisor of 32 and m.
32
Let k be 6/(-4)*(-140)/3. Suppose -5*h + 5*n + 25 = 0, 5*h + 3*n - 13 + 4 = 0. Suppose 7*m = h*m + 40. What is the greatest common factor of m and k?
10
Let k(l) = 9 + 0 - 26*l + 2. Let b be k(-9). Let m = b + -137. What is the highest common factor of m and 1